11 + -5.
-4
What is the value of -10 - -8 - (-9 + 2 + 2)?
3
What is 1 + -1 + (1 - 1)?
0
What is the value of 4 + -1 + 0 + -121 + 112?
-6
Evaluate 1 + -8 + 3 - -5.
1
-1 + (1 - (-2 - 0 - -3))
-1
Evaluate (-4 + -14 - -11) + 10.
3
Evaluate (-3 - (-1 - 9)) + 1.
8
Calculate (3 - 1 - -3 - 6) + 0.
-1
What is the value of -1 + 7 + 17 + -4 + -10?
9
What is the value of -7 - ((0 - -1 - -3) + -7)?
-4
-5 + (-4 - (5 + -7)) - -1
-6
What is the value of 2 + 1 - (15 + (-7 - 0))?
-5
What is 0 - 3 - (-14 + 15)?
-4
-9 + 3 + 8 - 2
0
What is (2 - (-2 - -5)) + -1 + 5?
3
What is 3 + (1 - 3 - (-15 - -11))?
5
9 - (6 + -10 + (4 - -3))
6
Evaluate -3 - (2 - (-3 - -1) - 2).
-5
What is the value of 1 - 0 - (-34 - -37) - 4?
-6
Evaluate (-3 - -1 - 0 - 7) + 7.
-2
Calculate -3 + (-7 - -5) - (3 + -3).
-5
Evaluate -1 + (7 + -6 - -5).
5
0 + (0 - -4 - 0)
4
Calculate (-5 - (-1 - 3)) + -3.
-4
What is the value of -1 + 11 - (-9 + 26)?
-7
(3 - (-1 + 2)) + (67 - 71)
-2
Calculate 4 + (2 - (6 - 2) - -2).
4
Evaluate 0 + (1 - 3) + -1 + 7.
4
Calculate (2 - 4) + (-7 - -11) - 7.
-5
Calculate -2 + 6 - (4 - (6 - 3)).
3
What is the value of 8 - (9 + -9 + 5)?
3
What is the value of -13 - (-11 - 0) - 0?
-2
Evaluate (-3 - 4) + 6 + 6.
5
Calculate -4 - (2 + -6 - 2 - 4).
6
What is -8 - (3 + -7) - (1 - -2)?
-7
Evaluate (73 - 71) + 1 + -1 + -5.
-3
What is -26 + 25 + (17 - 6)?
10
What is 2 + (6 + -11 - -2)?
-1
What is the value of 8 + (-3 + -1 - (3 - 3))?
4
What is (-3 - (-4 + -3 + 4)) + 6?
6
0 + -2 - (4 - (3 + 0))
-3
What is 11 + -16 + (10 - 6)?
-1
Calculate 7 + 4 + -8 - 9.
-6
-4 - -4 - -2 - -2
4
Calculate -1 + 5 + 4 + (-5 - -1).
4
Calculate -6 + -3 + 10 + (-3 - 4).
-6
What is -2 + (3 + 2 - 3)?
0
What is the value of -1 - 2 - (-2 - (-8 - -11))?
2
Calculate (0 - 4) + (-4 - -4) - -3.
-1
Calculate 4 - 5 - 3 - (0 + 4).
-8
-2 + -1 + -4 + 0 + 5
-2
Evaluate -42 - -39 - (2 + 1 + -9).
3
What is the value of -1 + 10 - (15 + -11)?
5
What is the value of 3 - (1 + 4) - (-3 + 2)?
-1
What is 4 - ((7 - 11) + 2 + 4)?
2
Calculate -8 + (-1 - -8) - 2.
-3
Calculate (3 - -4) + 3 + -17 - 1.
-8
-6 + 4 + 1 + -4 + 9
4
Calculate -4 + (-1 - (-3 - -5) - -5).
-2
Evaluate -2 - (6 - 16) - 6.
2
Evaluate 1 - (7 - (0 + 1)).
-5
What is the value of -2 - (-12 - -3) - (3 - -3)?
1
What is the value of -3 + -2 - (-3 + -3)?
1
Evaluate -2 - -11 - (-10 + 0 - -14).
5
Evaluate (6 + -12 - -1) + 0 + 4.
-1
0 - (0 - -2 - 0)
-2
-2 - (12 - 10 - (-1 - -4))
-1
(-5 - (4 + 4 - 10)) + 1
-2
Calculate -7 + 0 + -29 + 37.
1
What is the value of 6 - (6 + 5) - -3?
-2
Calculate (-6 - (0 + -9)) + -7.
-4
Calculate 1 - (-3 + 3 + -2) - 0.
3
What is the value of -10 - (0 - 2 - 3)?
-5
-1 - (7 + (-28 - -11))
9
5 + (-1 - 6) + 1
-1
What is 5 + 20 + -26 + -2 + 2?
-1
(1 - -4) + 1 + -3 + 1
4
Calculate (5 - 5) + -3 - -1.
-2
What is the value of (-3 - -1) + 2 + (0 - -3)?
3
(8 - 11) + 12 + -4
5
0 + -1 + 7 + -8
-2
What is -2 + 1 - -1 - (-9 + 2)?
7
Evaluate (-6 - -1) + (-7 - -4).
-8
Calculate 2 - (0 - -13) - -19.
8
What is the value of -6 + 0 + 11 + (0 - 2)?
3
Evaluate (1 - -3) + -11 + 7.
0
-6 + 2 - (-9 - -5)
0
What is 0 + (-26 + 31 - (-1 + -1))?
7
What is the value of -3 + ((-3 - 1) + 5 - -2)?
0
Evaluate -2 + 2 + -3 - 0.
-3
Evaluate (1 + 5 - 1) + 0 + 0.
5
What is the value of 7 + (2 + -1 - 3)?
5
What is -6 + -9 + 18 + -2?
1
-3 + (3 - (-5 + 8))
-3
Calculate 9 + (1 - (-2 - -5)) - 0.
7
What is 1 + 7 + -10 + 7?
5
What is -7 + 6 + -2 + -1 + 4?
0
What is 4 + (-2 - 6) + 8 + 0?
4
What is (-12 + 6 - -3) + 3?
0
Calculate 8 + (1 - (-3 + 7)).
5
What is (0 - 2) + -66 + 64?
-4
What is 6 - 5 - ((-12 - -8) + 2)?
3
What is -2 + 0 + 2 - (2 + 3)?
-5
What is the value of 3 + 4 + -4 + -7?
-4
What is the value of 2 + (-8 - -5 - (-1 + 8))?
-8
-2 - (-4 + -1) - (3 - 2)
2
Evaluate 5 + -2 - (-2 + 7 - 1).
-1
(-10 - (-6 - -1)) + 11 + -1
5
What is the value of 7 + -3 + -2 - 1?
1
Evaluate 0 + -2 + -7 + (6 - 1).
-4
What is 1 + 13 + -6 - 12?
-4
3 + 4 + -13 + (1 - -7)
2
Calculate 3 + 7 + -6 + (-4 - -1).
1
Evaluate (7 - 0) + 207 + -213.
1
Evaluate -10 - -8 - -1 - (0 + -2).
1
What is the value of -12 - (-4 - 5) - (0 + -1)?
-2
What is 2 - (-1 + 4 + -6)?
5
What is the value of (11 - (-5 - -12)) + -11?
-7
Calculate 1 + (-6 - -9 - 2).
2
What is the value of -3 - (3 + (-2 - 2) + -1)?
-1
-12 + 7 - (-4 + -1)
0
Evaluate -2 + -1 + -6 + 6.
-3
(-6 - (2 + 5 - 13)) + -1
-1
6 - 4 - 7 - -8
3
Calculate -4 - (4 + (-11 - 4)).
7
What is the value of 68 - 60 - (1 - -8) - 6?
-7
Calculate -2 - ((-9 - -3) + 9) - -2.
-3
Evaluate -16 + (-4 - -12) + 7.
-1
(4 + -5 - -3) + -3
-1
Calculate -3 + 16 + -11 - -3.
5
Calculate -2 - -9 - (-2 + 4).
5
Calculate 4 + 0 + 0 + -3.
1
Evaluate -4 - (5 - 5) - -1.
-3
Calculate (42 - 37) + 0 + -6.
-1
Calculate 1 - 6 - (-16 + 10).
1
What is (3 - 13) + 6 + -6?
-10
Evaluate -7 - (5 + -3 + -3) - -1.
-5
What is the value of 7 - 1 - (-6 - -13 - 1)?
0
Evaluate -7 + 5 - (-18 - -21).
-5
6 + (-14 - (1 - 7))
-2
What is 3 - (4 - -1) - -4?
2
What is 8 - (1 - (2 + -1 - 4))?
4
(4 + -5 - 1) + -1
-3
What is the value of -1 + (-11 - -15) + 2 + -1?
4
What is (-2 - (-5 + 4)) + 2 + -3?
-2
What is (-6 - (1 + -12)) + -5?
0
What is the value of 2 + -4 + 4 + -4?
-2
6 - (-1 + 4 + -2)
5
Calculate -21 + 9 + 14 + 3 + 0.
5
Evaluate 10 + (-1 - 1) - 12.
-4
Evaluate 1 + 3 + -3 + 0.
1
Calculate 10 + -15 + (3 + -4 - -5).
-1
What is the value of 5 + 0 + 0 + -13 - -2?
-6
Calculate (0 - 1) + -3 + -4 + 7.
-1
What is the value of 1 + -8 + 1 + 6?
0
3 + (2 - 7 - 0)
-2
Evaluate (-6 + -3 + 6 - -7) + -8.
-4
Calculate 1 + -12 - -1 - -7.
-3
What is the value of 1 - -2 - (0 + 0 + 0)?
3
What is the value of 10 + -11 + 5 + -2?
2
(3 - -2) + 1 + -4
2
What is 1 - -6 - (7 + -3 + 0)?
3
-44 + 28 + (9 - (1 - -3))
-11
Evaluate (9 - 9) + 6 + -3.
3
What is 3 - (-5 - -3) - (11 + -3)?
-3
Evaluate 8 - (-12 - (-14 + 4)).
10
What is 5 + -4 - 4 - (-3 + 0)?
0
(-11 - -18) + (2 - 10)
-1
Calculate (1 + 0 - (6 - 6)) + -2.
-1
8 - (-7 - -8 - -3)
4
Calculate (-12 - -9) + -1 + 4 + -1.
-1
Calculate -2 + 6 + 1 - (0 - 1).
6
Calculate -23 + (14 - -8) + -3 + 1.
-3
Evaluate (3 - (-8 + 25)) + 2 + 3.
-9
Evaluate 1 + 3 + -2 + 2 + -1.
3
Calculate (-9 - 1) + (6 - 1).
-5
-7 - (-8 + 2) - -11
10
What is 0 + (0 - -1) - (5 - 2)?
-2
What is the value of -1 - (2 + 2) - -9?
4
What is the value of 3 - (5 + (3 + -2 - 4))?
1
What is the value of (0 - (3 + -6)) + -4?
-1
Evaluate 22 + -20 - (1 + -1 + 6).
-4
What is the value of 5 + -13 + 4 - (-3 - 1)?
0
Calculate -3 - -1 - (3 - (16 + -8)).
3
What is -1 + -5 + 7 + -3?
-2
Calculate -3 + 5 + (34 - 33).
3
(-2 + 6 - 8) + -7
-11
What is the value of -3 - (4 + (0 - 6))?
-1
Calculate -1 - (2 - 5) - (0 - -1).
1
What is 0 + 3 - (2 - 4) - 5?
0
What is 3 + 0 + 8 + -6 + 1?
6
What is the value of (-18 - -13) + (19 - (2 + 2))?
10
What is 10 + -3 - (3 - -1)?
3
What is -8 - -1 - (2 - (0 - -16))?
7
Evaluate -7 + 13 - (-5 + 9 + -6).
8
Evaluate 3 - ((-3 - -1) + 6 + -1).
0
What is the value of 0 + (-7 + -1 - -5 - -6)?
3
Evaluate 5 + (4 - (16 + -6)) + 6.
5
3 - (-2 + 1 + 2 + 0)
2
What is the value of -4 + -2 + 5 + -5 + 3?
-3
What is -7 + 1 - (26 - 36)?
4
What is the value of -4 + (-1 + -2 + 6 - 3)?
-4
-2 + (-2 + (1 - -4) - 4)
-3
Calculate 42 - 36 - (1 + 1 + 2).
2
What is the value of -1 + (5 - (-2 + 8))?
-2
4 - (-2 + 2 + 8)
-4
-1 + 0 + -4 + 5
0
Evaluate 3 + -3 + 3 + -2 + -6.
-5
Calculate -184 + 177 - (-5 + 0 - -1).
-3
What is 1 + -6 - (-19 - (-9 + -10))?
-5
What is the value of (-3 - 1 - (6 - 2)) + 3?
-5
1 + 0 + 2 + -1
2
Evaluate 7 + 0 + 12 + -15.
4
Calculate 4 - (12 + -3 + 1).
-6
What is the value of (2 + (-1 - 0) - 0) + 3?
4
What is the value of -5 - (-6 + 6 + -1 + -11)?
7
Evaluate -2 + 5 + 4 + -15 + 5.
-3
-2 + 6 + -1 + -4 + -1
-2
What is the value of 8 + (-11 - -7 - (3 - 2))?
3
Calculate -1 + 2 + 1 - (-1 + 1).
2
Calculate 2 + (-3 - -2) + 1.
2
Evaluate -7 + (-6 - (4 + -8)) + 4.
-5
What is the value of 2 + -1 - -2 - (-31 - -37)?
-3
What is (10 - (-3 + 9)) + 4 + -2?
6
Evaluate -3 + -2 + 2 + 4.
1
What is the value of (6 - 2) + (-41 - -30)?
-7
Evaluate (-2 - -6) + -8 - -3.
-1
5 - (10 + -9 + -1)
5
Calculate 6 - 1 - (-5 - -7) - 7.
-4
Evaluate 8 - (-4 - (2 + -8)).
6
Evaluate 5 + (6 - 19) + 10.
2
Evaluate 1 - (-1 - (-4 + 12)) - 6.
4
What is -2 + -2 + 8 - (12 - 3)?
-5
What is the value of 4 - (2 + 0 - (59 - 56))?
5
What is the value of -5 + -3 - (-9 + 5 + 3)?
-7
Calculate (-2 - -1) + 